{"id":19,"date":"2021-01-07T14:22:43","date_gmt":"2021-01-07T14:22:43","guid":{"rendered":"https:\/\/vargtimmen.de\/forum\/?page_id=19"},"modified":"2022-06-30T10:08:46","modified_gmt":"2022-06-30T08:08:46","slug":"datenschutzerklaerung","status":"publish","type":"page","link":"https:\/\/vargtimmen.de\/forum\/datenschutzerklaerung\/","title":{"rendered":"Datenschutzerkl\u00e4rung"},"content":{"rendered":"\n<h2 class=\"wp-block-heading\">Datenschutzerkl\u00e4rung<\/h2>\n\n\n\n<p><strong>1. Gegenstand des Datenschutzes<\/strong><\/p>\n\n\n\n<p>Diese Datenschutzerkl\u00e4rung kl\u00e4rt Nutzer \u00fcber die Art, den Umfang und Zwecke der Erhebung und Verwendung personenbezogener Daten durch den verantwortlichen Anbieter Alfons W. Gentner Verlag GmbH &amp; Co. KG, Forststra\u00dfe 131, 70193 Stuttgart, (im folgenden \u201eAnbieter\u201c) auf dieser Website (im folgenden \u201cAngebot\u201d) auf.<\/p>\n\n\n\n<p>Diese Erkl\u00e4rung zum Datenschutz gilt f\u00fcr die folgenden Angebote des Anbieters:<br><br><strong>Digitales Fachforum: Geb\u00e4udeh\u00fclle im Fokus<\/strong><\/p>\n\n\n\n<p>Gegenstand des Datenschutzes sind personenbezogene Daten. Diese sind nach \u00a7 4 DSGVO Einzelangaben \u00fcber pers\u00f6nliche oder sachliche Verh\u00e4ltnisse einer bestimmten oder bestimmbaren nat\u00fcrlichen Person. Hierunter fallen z. B. Angaben wie Name, Post-Adresse, E-Mail-Adresse oder Telefonnummer, ggf. aber auch Nutzungsdaten wie Ihre IP-Adresse.<\/p>\n\n\n\n<p>Wenn Sie uns mit der Erbringung einer Dienstleistung oder der Zusendung von Informationen und Waren beauftragen, erfolgt die Erhebung, Verarbeitung, Speicherung und Weitergabe Ihrer pers\u00f6nlichen Daten zur Erbringung dieser Dienstleistung sowie zur Zusendung von Informationen und beruht auf Artikel 6 Abs. 1 lit. b der DSGVO. Dazu kann es erforderlich sein, Ihre pers\u00f6nlichen Daten auch an Unternehmen weiterzugeben, die wir zur Erbringung der Dienstleistung oder zur Abwicklung einsetzen.<\/p>\n\n\n\n<p><\/p>\n\n\n\n<p><strong>2. Umfang der Datenerhebung, -speicherung und -weitergabe<\/strong><\/p>\n\n\n\n<p>Im Allgemeinen ist es f\u00fcr die Nutzung unserer Internetseiten nicht erforderlich, dass Sie personenbezogene Daten angeben. Damit wir unsere Dienstleistungen aber tats\u00e4chlich erbringen k\u00f6nnen, ben\u00f6tigen wir f\u00fcr dieses Angebot Ihre personenbezogenen Daten. Dies gilt sowohl f\u00fcr die Durchf\u00fchrung der Veranstaltung, bei der Zusendung von Informationen sowie auch f\u00fcr die Beantwortung individueller Anfragen.<\/p>\n\n\n\n<p>Im Rahmen des durchgef\u00fchrten Live-Streamings verwenden wir Ihre personenbezogenen Daten f\u00fcr die folgenden Leistungen:<\/p>\n\n\n\n<p><strong>Informationen zum Angebot:<br><\/strong>Die bei der Registrierung von Ihnen angegebenen personenbezogenen Daten werden vom Gentner Verlag f\u00fcr die Verwaltung des digitalen Fachforums, den Versand von Informationen zum digitalen Fachforum sowie die direkte Kommunikation mit Ihnen verwendet. Dar\u00fcber hinaus informieren wir Sie \u00fcber weitere vergleichbare Veranstaltungen des Gentner Verlages zum Beispiel zu anderen Veranstaltungen auch \u00fcber die Durchf\u00fchrung der Veranstaltung hinaus.<\/p>\n\n\n\n<p><strong>Nachbereitung des digitalen Fachforums<\/strong>:<br>Um erg\u00e4nzend zu den Informationen zum digitalen Fachforum, Ihnen im Nachgang weiterf\u00fchrende Informationen oder \u00e4hnliches zur Verf\u00fcgung stellen, werden Ihre pers\u00f6nlichen Daten an die teilnehmenden Unternehmen (Sponsoren), insbesondere dem genannten Sponsor weitergegeben. Die Weitergabe Ihrer pers\u00f6nlichen Daten an diese Unternehmen erfolgt nach Art.6 Abs.1 lit.f DSGVO zur Wahrung des berechtigten Interesses der besuchten Unternehmen. Durch Ihre Anmeldung und dem dadurch gezeigten Interesse besteht kein Grund zur Annahme, dass Sie ein \u00fcberwiegendes schutzw\u00fcrdiges Interesse an der Nichtweitergabe Ihrer Daten haben.<\/p>\n\n\n\n<p>Die Abmeldung von dem digitalen Fachforum Geb\u00e4udeh\u00fclle im Fokus oder der Widerspruch zur Weitergabe pers\u00f6nlicher Daten ist bis zum Beginn der Veranstaltung m\u00f6glich. Bitte wenden Sie sich hierzu an den Ansprechpartner der Veranstaltung. Alternativ k\u00f6nnen Sie gerne auch eine E-Mail an datenschutz@gentner.de senden.<\/p>\n\n\n\n<p><strong>Newsletter:<\/strong><br>Sofern Sie nach Art. 6 Abs.1 lit.a DSGVO ausdr\u00fccklich \u00fcber eine Best\u00e4tigungs-E-Mail (Double-Opt-in) eingewilligt haben, verwenden wir Ihre E-Mail-Adresse daf\u00fcr, Ihnen regelm\u00e4\u00dfig unseren Newsletter zu \u00fcbersenden. F\u00fcr die Ansprache sowie den Versand des Newsletters verwenden wir den von Ihnen in der Anmeldung angegebenen Namen sowie die E-Mail-Adresse. Die Abmeldung ist jederzeit m\u00f6glich, zum Beispiel \u00fcber einen Link am Ende eines jeden Newsletters. Alternativ k\u00f6nnen Sie Ihren Abmeldewunsch gerne auch jederzeit datenschutz@gentner.de per E-Mail senden.<\/p>\n\n\n\n<p><\/p>\n\n\n\n<p><strong>3. Auskunft- und Widerrufsrecht<\/strong><\/p>\n\n\n\n<p>Sie erhalten jederzeit ohne Angabe von Gr\u00fcnden kostenfrei Auskunft \u00fcber Ihre bei uns gespeicherten Daten. Sie k\u00f6nnen jederzeit Ihre bei uns erhobenen Daten berichtigen, l\u00f6schen bzw. sperren lassen. Auch k\u00f6nnen Sie jederzeit die uns erteilte Einwilligung zur Datenerhebung und Verwendung ohne Angaben von Gr\u00fcnden widerrufen. Wenden Sie sich hierzu bitte an die im Impressum angegebene Kontaktadresse. Wir stehen Ihnen jederzeit gern f\u00fcr weitergehende Fragen zu unseren Hinweisen zum Datenschutz und zur Verarbeitung Ihrer pers\u00f6nlichen Daten zur Verf\u00fcgung.<\/p>\n\n\n\n<p>Beachten Sie, dass sich Datenschutzbestimmungen und Handhabungen zum Datenschutz, z. B. bei Google, laufend \u00e4ndern k\u00f6nnen. Es ist daher ratsam und erforderlich, sich \u00fcber Ver\u00e4nderungen der gesetzlichen Bestimmungen und der Praxis von Unternehmen laufend zu informieren.<\/p>\n\n\n\n<p><\/p>\n\n\n\n<p><strong>&nbsp;4. L\u00f6schung der Daten<\/strong><\/p>\n\n\n\n<p>Die L\u00f6schung der gespeicherten personenbezogenen Daten erfolgt, wenn Sie Ihre Einwilligung zur Speicherung widerrufen, wenn die Kenntnis zur Erf\u00fcllung des mit der Speicherung erfolgten Zwecks nicht mehr erforderlich ist oder wenn die Speicherung aus sonstigen gesetzlichen Gr\u00fcnden unzul\u00e4ssig ist. Etwaige gesetzliche Aufbewahrungspflichten des Anbieters bleiben unber\u00fchrt.<\/p>\n\n\n\n<p><\/p>\n\n\n\n<p><strong>5. Cookies<\/strong><\/p>\n\n\n\n<p>Cookies sind kleine Dateien, die es erm\u00f6glichen, auf dem Zugriffsger\u00e4t der Nutzer (PC, Smartphone o.\u00e4.) spezifische, auf das Ger\u00e4t bezogene Informationen zu speichern. Sie dienen zum einem der Benutzerfreundlichkeit von Webseiten und damit den Nutzern (z.B. Speicherung von Login-Daten). Zum anderen dienen sie, um die statistischen Daten der Webseitennutzung zu erfassen und sie zwecks Verbesserung des Angebotes analysieren zu k\u00f6nnen. Die Nutzer k\u00f6nnen auf den Einsatz der Cookies Einfluss nehmen. Die meisten Browser verf\u00fcgen \u00fcber eine Option, mit der das Speichern von Cookies eingeschr\u00e4nkt oder komplett verhindert wird. Allerdings wird darauf hingewiesen, dass die Nutzung und insbesondere der Nutzungskomfort ohne Cookies eingeschr\u00e4nkt werden.<\/p>\n\n\n\n<p>Sie k\u00f6nnen viele Online-Anzeigen-Cookies von Unternehmen \u00fcber die US-amerikanische Seite <a href=\"http:\/\/www.aboutads.info\/choices\">www.aboutads.info\/choices<\/a> oder die EU-Seite<br><a href=\"http:\/\/www.youronlinechoices.com\/uk\/your-ad-choices\">www.youronlinechoices.com\/uk\/your-ad-choices<\/a> verwalten.<\/p>\n\n\n\n<p><\/p>\n\n\n\n<p><strong>6. Einbindung von Diensten und Inhalten Dritter<\/strong><\/p>\n\n\n\n<p>Es kann vorkommen, dass innerhalb dieses Onlineangebotes Inhalte Dritter, wie zum Beispiel Kartenmaterial von Google-Maps, RSS-Feeds oder Grafiken von anderen Webseiten eingebunden werden. Dies setzt immer voraus, dass die Anbieter dieser Inhalte (nachfolgend bezeichnet als &#8222;Dritt-Anbieter&#8220;) die IP-Adresse der Nutzer wahrnehmen, denn ohne die IP-Adresse k\u00f6nnten sie die Inhalte nicht an den Browser des jeweiligen Nutzers senden. Die IP-Adresse ist damit f\u00fcr die Darstellung dieser Inhalte erforderlich. Wir bem\u00fchen uns, nur solche Inhalte zu verwenden, deren jeweilige Anbieter die IP-Adresse lediglich zur Auslieferung der Inhalte verwenden. Jedoch haben wir keinen Einfluss darauf, falls die Dritt-Anbieter die IP-Adresse z.B. f\u00fcr statistische Zwecke speichern. Soweit dies uns bekannt ist, kl\u00e4ren wir die Nutzer dar\u00fcber auf.<\/p>\n\n\n\n<p><\/p>\n\n\n\n<p><strong>7. Sicherheitshinweis<\/strong><\/p>\n\n\n\n<p>Bei der Kommunikation per E-Mail kann die vollst\u00e4ndige Datensicherheit von uns nicht gew\u00e4hrleistet werden, so dass wir Ihnen bei vertraulichen Informationen den Postweg empfehlen.<\/p>\n","protected":false},"excerpt":{"rendered":"<p>Datenschutzerkl\u00e4rung 1. Gegenstand des Datenschutzes Diese Datenschutzerkl\u00e4rung kl\u00e4rt Nutzer \u00fcber die Art, den Umfang und Zwecke der Erhebung und Verwendung personenbezogener Daten durch den verantwortlichen Anbieter Alfons W. Gentner Verlag GmbH &amp; Co. KG, Forststra\u00dfe 131, 70193 Stuttgart, (im folgenden \u201eAnbieter\u201c) auf dieser Website (im folgenden \u201cAngebot\u201d) auf. Diese Erkl\u00e4rung zum Datenschutz gilt f\u00fcr die [&hellip;]<\/p>\n","protected":false},"author":10,"featured_media":0,"parent":0,"menu_order":0,"comment_status":"closed","ping_status":"closed","template":"","meta":{"inline_featured_image":false,"_uag_custom_page_level_css":"","ghostkit_customizer_options":"","ghostkit_custom_css":"","ghostkit_custom_js_head":"","ghostkit_custom_js_foot":"","ghostkit_typography":"","footnotes":""},"uagb_featured_image_src":{"full":false,"thumbnail":false,"medium":false,"medium_large":false,"large":false,"1536x1536":false,"2048x2048":false},"uagb_author_info":{"display_name":"","author_link":"https:\/\/vargtimmen.de\/forum\/author\/"},"uagb_comment_info":0,"uagb_excerpt":"Datenschutzerkl\u00e4rung 1. Gegenstand des Datenschutzes Diese Datenschutzerkl\u00e4rung kl\u00e4rt Nutzer \u00fcber die Art, den Umfang und Zwecke der Erhebung und Verwendung personenbezogener Daten durch den verantwortlichen Anbieter Alfons W. Gentner Verlag GmbH &amp; Co. KG, Forststra\u00dfe 131, 70193 Stuttgart, (im folgenden \u201eAnbieter\u201c) auf dieser Website (im folgenden \u201cAngebot\u201d) auf. Diese Erkl\u00e4rung zum Datenschutz gilt f\u00fcr die&hellip;","_links":{"self":[{"href":"https:\/\/vargtimmen.de\/forum\/wp-json\/wp\/v2\/pages\/19"}],"collection":[{"href":"https:\/\/vargtimmen.de\/forum\/wp-json\/wp\/v2\/pages"}],"about":[{"href":"https:\/\/vargtimmen.de\/forum\/wp-json\/wp\/v2\/types\/page"}],"author":[{"embeddable":true,"href":"https:\/\/vargtimmen.de\/forum\/wp-json\/wp\/v2\/users\/10"}],"replies":[{"embeddable":true,"href":"https:\/\/vargtimmen.de\/forum\/wp-json\/wp\/v2\/comments?post=19"}],"version-history":[{"count":7,"href":"https:\/\/vargtimmen.de\/forum\/wp-json\/wp\/v2\/pages\/19\/revisions"}],"predecessor-version":[{"id":859,"href":"https:\/\/vargtimmen.de\/forum\/wp-json\/wp\/v2\/pages\/19\/revisions\/859"}],"wp:attachment":[{"href":"https:\/\/vargtimmen.de\/forum\/wp-json\/wp\/v2\/media?parent=19"}],"curies":[{"name":"wp","href":"https:\/\/api.w.org\/{rel}","templated":true}]}}

Datenschutzerklärung

<h2 class="wp-block-heading">Datenschutzerklärung</h2>



<p><strong>1. Gegenstand des Datenschutzes</strong></p>



<p>Diese Datenschutzerklärung klärt Nutzer über die Art, den Umfang und Zwecke der Erhebung und Verwendung personenbezogener Daten durch den verantwortlichen Anbieter Alfons W. Gentner Verlag GmbH &amp; Co. KG, Forststraße 131, 70193 Stuttgart, (im folgenden „Anbieter“) auf dieser Website (im folgenden “Angebot”) auf.</p>



<p>Diese Erklärung zum Datenschutz gilt für die folgenden Angebote des Anbieters:<br><br><strong>Digitales Fachforum: Gebäudehülle im Fokus</strong></p>



<p>Gegenstand des Datenschutzes sind personenbezogene Daten. Diese sind nach § 4 DSGVO Einzelangaben über persönliche oder sachliche Verhältnisse einer bestimmten oder bestimmbaren natürlichen Person. Hierunter fallen z. B. Angaben wie Name, Post-Adresse, E-Mail-Adresse oder Telefonnummer, ggf. aber auch Nutzungsdaten wie Ihre IP-Adresse.</p>



<p>Wenn Sie uns mit der Erbringung einer Dienstleistung oder der Zusendung von Informationen und Waren beauftragen, erfolgt die Erhebung, Verarbeitung, Speicherung und Weitergabe Ihrer persönlichen Daten zur Erbringung dieser Dienstleistung sowie zur Zusendung von Informationen und beruht auf Artikel 6 Abs. 1 lit. b der DSGVO. Dazu kann es erforderlich sein, Ihre persönlichen Daten auch an Unternehmen weiterzugeben, die wir zur Erbringung der Dienstleistung oder zur Abwicklung einsetzen.</p>



<p></p>



<p><strong>2. Umfang der Datenerhebung, -speicherung und -weitergabe</strong></p>



<p>Im Allgemeinen ist es für die Nutzung unserer Internetseiten nicht erforderlich, dass Sie personenbezogene Daten angeben. Damit wir unsere Dienstleistungen aber tatsächlich erbringen können, benötigen wir für dieses Angebot Ihre personenbezogenen Daten. Dies gilt sowohl für die Durchführung der Veranstaltung, bei der Zusendung von Informationen sowie auch für die Beantwortung individueller Anfragen.</p>



<p>Im Rahmen des durchgeführten Live-Streamings verwenden wir Ihre personenbezogenen Daten für die folgenden Leistungen:</p>



<p><strong>Informationen zum Angebot:<br></strong>Die bei der Registrierung von Ihnen angegebenen personenbezogenen Daten werden vom Gentner Verlag für die Verwaltung des digitalen Fachforums, den Versand von Informationen zum digitalen Fachforum sowie die direkte Kommunikation mit Ihnen verwendet. Darüber hinaus informieren wir Sie über weitere vergleichbare Veranstaltungen des Gentner Verlages zum Beispiel zu anderen Veranstaltungen auch über die Durchführung der Veranstaltung hinaus.</p>



<p><strong>Nachbereitung des digitalen Fachforums</strong>:<br>Um ergänzend zu den Informationen zum digitalen Fachforum, Ihnen im Nachgang weiterführende Informationen oder ähnliches zur Verfügung stellen, werden Ihre persönlichen Daten an die teilnehmenden Unternehmen (Sponsoren), insbesondere dem genannten Sponsor weitergegeben. Die Weitergabe Ihrer persönlichen Daten an diese Unternehmen erfolgt nach Art.6 Abs.1 lit.f DSGVO zur Wahrung des berechtigten Interesses der besuchten Unternehmen. Durch Ihre Anmeldung und dem dadurch gezeigten Interesse besteht kein Grund zur Annahme, dass Sie ein überwiegendes schutzwürdiges Interesse an der Nichtweitergabe Ihrer Daten haben.</p>



<p>Die Abmeldung von dem digitalen Fachforum Gebäudehülle im Fokus oder der Widerspruch zur Weitergabe persönlicher Daten ist bis zum Beginn der Veranstaltung möglich. Bitte wenden Sie sich hierzu an den Ansprechpartner der Veranstaltung. Alternativ können Sie gerne auch eine E-Mail an datenschutz@gentner.de senden.</p>



<p><strong>Newsletter:</strong><br>Sofern Sie nach Art. 6 Abs.1 lit.a DSGVO ausdrücklich über eine Bestätigungs-E-Mail (Double-Opt-in) eingewilligt haben, verwenden wir Ihre E-Mail-Adresse dafür, Ihnen regelmäßig unseren Newsletter zu übersenden. Für die Ansprache sowie den Versand des Newsletters verwenden wir den von Ihnen in der Anmeldung angegebenen Namen sowie die E-Mail-Adresse. Die Abmeldung ist jederzeit möglich, zum Beispiel über einen Link am Ende eines jeden Newsletters. Alternativ können Sie Ihren Abmeldewunsch gerne auch jederzeit datenschutz@gentner.de per E-Mail senden.</p>



<p></p>



<p><strong>3. Auskunft- und Widerrufsrecht</strong></p>



<p>Sie erhalten jederzeit ohne Angabe von Gründen kostenfrei Auskunft über Ihre bei uns gespeicherten Daten. Sie können jederzeit Ihre bei uns erhobenen Daten berichtigen, löschen bzw. sperren lassen. Auch können Sie jederzeit die uns erteilte Einwilligung zur Datenerhebung und Verwendung ohne Angaben von Gründen widerrufen. Wenden Sie sich hierzu bitte an die im Impressum angegebene Kontaktadresse. Wir stehen Ihnen jederzeit gern für weitergehende Fragen zu unseren Hinweisen zum Datenschutz und zur Verarbeitung Ihrer persönlichen Daten zur Verfügung.</p>



<p>Beachten Sie, dass sich Datenschutzbestimmungen und Handhabungen zum Datenschutz, z. B. bei Google, laufend ändern können. Es ist daher ratsam und erforderlich, sich über Veränderungen der gesetzlichen Bestimmungen und der Praxis von Unternehmen laufend zu informieren.</p>



<p></p>



<p><strong>&nbsp;4. Löschung der Daten</strong></p>



<p>Die Löschung der gespeicherten personenbezogenen Daten erfolgt, wenn Sie Ihre Einwilligung zur Speicherung widerrufen, wenn die Kenntnis zur Erfüllung des mit der Speicherung erfolgten Zwecks nicht mehr erforderlich ist oder wenn die Speicherung aus sonstigen gesetzlichen Gründen unzulässig ist. Etwaige gesetzliche Aufbewahrungspflichten des Anbieters bleiben unberührt.</p>



<p></p>



<p><strong>5. Cookies</strong></p>



<p>Cookies sind kleine Dateien, die es ermöglichen, auf dem Zugriffsgerät der Nutzer (PC, Smartphone o.ä.) spezifische, auf das Gerät bezogene Informationen zu speichern. Sie dienen zum einem der Benutzerfreundlichkeit von Webseiten und damit den Nutzern (z.B. Speicherung von Login-Daten). Zum anderen dienen sie, um die statistischen Daten der Webseitennutzung zu erfassen und sie zwecks Verbesserung des Angebotes analysieren zu können. Die Nutzer können auf den Einsatz der Cookies Einfluss nehmen. Die meisten Browser verfügen über eine Option, mit der das Speichern von Cookies eingeschränkt oder komplett verhindert wird. Allerdings wird darauf hingewiesen, dass die Nutzung und insbesondere der Nutzungskomfort ohne Cookies eingeschränkt werden.</p>



<p>Sie können viele Online-Anzeigen-Cookies von Unternehmen über die US-amerikanische Seite <a href="http://www.aboutads.info/choices">www.aboutads.info/choices</a> oder die EU-Seite<br><a href="http://www.youronlinechoices.com/uk/your-ad-choices">www.youronlinechoices.com/uk/your-ad-choices</a> verwalten.</p>



<p></p>



<p><strong>6. Einbindung von Diensten und Inhalten Dritter</strong></p>



<p>Es kann vorkommen, dass innerhalb dieses Onlineangebotes Inhalte Dritter, wie zum Beispiel Kartenmaterial von Google-Maps, RSS-Feeds oder Grafiken von anderen Webseiten eingebunden werden. Dies setzt immer voraus, dass die Anbieter dieser Inhalte (nachfolgend bezeichnet als &#8222;Dritt-Anbieter&#8220;) die IP-Adresse der Nutzer wahrnehmen, denn ohne die IP-Adresse könnten sie die Inhalte nicht an den Browser des jeweiligen Nutzers senden. Die IP-Adresse ist damit für die Darstellung dieser Inhalte erforderlich. Wir bemühen uns, nur solche Inhalte zu verwenden, deren jeweilige Anbieter die IP-Adresse lediglich zur Auslieferung der Inhalte verwenden. Jedoch haben wir keinen Einfluss darauf, falls die Dritt-Anbieter die IP-Adresse z.B. für statistische Zwecke speichern. Soweit dies uns bekannt ist, klären wir die Nutzer darüber auf.</p>



<p></p>



<p><strong>7. Sicherheitshinweis</strong></p>



<p>Bei der Kommunikation per E-Mail kann die vollständige Datensicherheit von uns nicht gewährleistet werden, so dass wir Ihnen bei vertraulichen Informationen den Postweg empfehlen.</p>

<p>Datenschutzerklärung 1. Gegenstand des Datenschutzes Diese Datenschutzerklärung klärt Nutzer über die Art, den Umfang und Zwecke der Erhebung und Verwendung personenbezogener Daten durch den verantwortlichen Anbieter Alfons W. Gentner Verlag GmbH &amp; Co. KG, Forststraße 131, 70193 Stuttgart, (im folgenden „Anbieter“) auf dieser Website (im folgenden “Angebot”) auf. Diese Erklärung zum Datenschutz gilt für die [&hellip;]</p>

Datenschutzerklärung 1. Gegenstand des Datenschutzes Diese Datenschutzerklärung klärt Nutzer über die Art, den Umfang und Zwecke der Erhebung und Verwendung personenbezogener Daten durch den verantwortlichen Anbieter Alfons W. Gentner Verlag GmbH &amp; Co. KG, Forststraße 131, 70193 Stuttgart, (im folgenden „Anbieter“) auf dieser Website (im folgenden “Angebot”) auf. Diese Erklärung zum Datenschutz gilt für die&hellip;
